7
What are the prime factors of 11806?
2, 5903
List the prime factors of 2787.
3, 929
What are the prime factors of 1527?
3, 509
What are the prime factors of 12656?
2, 7, 113
What are the prime factors of 1452?
2, 3, 11
List the prime factors of 28995.
3, 5, 1933
List the prime factors of 28538.
2, 19, 751
What are the prime factors of 529?
23
What are the prime factors of 12701?
13, 977
List the prime factors of 4423.
4423
What are the prime factors of 1838?
2, 919
List the prime factors of 54722.
2, 27361
List the prime factors of 9892.
2, 2473
List the prime factors of 74901.
3, 24967
List the prime factors of 165.
3, 5, 11
What are the prime factors of 14292?
2, 3, 397
What are the prime factors of 29069?
41, 709
What are the prime factors of 2906?
2, 1453
What are the prime factors of 28386?
2, 3, 19, 83
What are the prime factors of 11200?
2, 5, 7
What are the prime factors of 2339?
2339
What are the prime factors of 2272?
2, 71
List the prime factors of 5456.
2, 11, 31
List the prime factors of 9559.
11, 79
List the prime factors of 74712.
2, 3, 11, 283
List the prime factors of 5511.
3, 11, 167
List the prime factors of 7765.
5, 1553
List the prime factors of 5025.
3, 5, 67
List the prime factors of 1491.
3, 7, 71
What are the prime factors of 27360?
2, 3, 5, 19
List the prime factors of 168202.
2, 37, 2273
What are the prime factors of 4085?
5, 19, 43
List the prime factors of 18045.
3, 5, 401
What are the prime factors of 12863?
19, 677
What are the prime factors of 134485?
5, 13, 2069
What are the prime factors of 871?
13, 67
What are the prime factors of 70430?
2, 5, 7043
What are the prime factors of 5872?
2, 367
What are the prime factors of 8004?
2, 3, 23, 29
What are the prime factors of 55674?
2, 3, 1031
What are the prime factors of 41752?
2, 17, 307
What are the prime factors of 11515?
5, 7, 47
What are the prime factors of 3734?
2, 1867
What are the prime factors of 2143?
2143
What are the prime factors of 3246?
2, 3, 541
What are the prime factors of 1296?
2, 3
List the prime factors of 46577.
47, 991
What are the prime factors of 4517?
4517
List the prime factors of 40500.
2, 3, 5
What are the prime factors of 13365?
3, 5, 11
List the prime factors of 62296.
2, 13, 599
What are the prime factors of 667?
23, 29
List the prime factors of 10238.
2, 5119
What are the prime factors of 1046?
2, 523
What are the prime factors of 26090?
2, 5, 2609
What are the prime factors of 154333?
154333
List the prime factors of 67017.
3, 89, 251
List the prime factors of 1172.
2, 293
List the prime factors of 43394.
2, 13, 1669
What are the prime factors of 3171?
3, 7, 151
What are the prime factors of 46059?
3, 13, 1181
List the prime factors of 4286.
2, 2143
List the prime factors of 5256.
2, 3, 73
What are the prime factors of 2424?
2, 3, 101
What are the prime factors of 91866?
2, 3, 61, 251
List the prime factors of 98267.
13, 7559
What are the prime factors of 35755?
5, 7151
What are the prime factors of 1056?
2, 3, 11
What are the prime factors of 4345?
5, 11, 79
List the prime factors of 75522.
2, 3, 41, 307
What are the prime factors of 63033?
3, 21011
What are the prime factors of 11032?
2, 7, 197
What are the prime factors of 32370?
2, 3, 5, 13, 83
List the prime factors of 5272.
2, 659
What are the prime factors of 79110?
2, 3, 5, 293
List the prime factors of 424.
2, 53
What are the prime factors of 20284?
2, 11, 461
What are the prime factors of 1038?
2, 3, 173
What are the prime factors of 6279?
3, 7, 13, 23
What are the prime factors of 996?
2, 3, 83
List the prime factors of 7702.
2, 3851
What are the prime factors of 12224?
2, 191
List the prime factors of 43249.
61, 709
What are the prime factors of 5775?
3, 5, 7, 11
What are the prime factors of 3382?
2, 19, 89
What are the prime factors of 7678?
2, 11, 349
What are the prime factors of 187?
11, 17
What are the prime factors of 1222?
2, 13, 47
What are the prime factors of 173?
173
What are the prime factors of 5310?
2, 3, 5, 59
List the prime factors of 20311.
19, 1069
What are the prime factors of 38923?
38923
List the prime factors of 48880.
2, 5, 13, 47
What are the prime factors of 761?
761
List the prime factors of 2085.
3, 5, 139
What are the prime factors of 622?
2, 311
List the prime factors of 16078.
2, 8039
What are the prime factors of 11019?
3, 3673
List the prime factors of 4118.
2, 29, 71
List the prime factors of 7166.
2, 3583
List the prime factors of 1100.
2, 5, 11
List the prime factors of 11008.
2, 43
What are the prime factors of 11463?
3, 3821
What are the prime factors of 5243?
7, 107
List the prime factors of 4472.
2, 13, 43
What are the prime factors of 23949?
3, 887
What are the prime factors of 4787?
4787
What are the prime factors of 2475?
3, 5, 11
What are the prime factors of 8495?
5, 1699
What are the prime factors of 123073?
23, 5351
List the prime factors of 3696.
2, 3, 7, 11
What are the prime factors of 31993?
13, 23, 107
List the prime factors of 707.
7, 101
List the prime factors of 46718.
2, 7, 47, 71
List the prime factors of 58634.
2, 19, 1543
What are the prime factors of 3882?
2, 3, 647
What are the prime factors of 2165?
5, 433
List the prime factors of 45553.
45553
List the prime factors of 1318.
2, 659
List the prime factors of 523.
523
What are the prime factors of 3123?
3, 347
List the prime factors of 3596.
2, 29, 31
What are the prime factors of 4795?
5, 7, 137
List the prime factors of 4759.
4759
List the prime factors of 8614.
2, 59, 73
List the prime factors of 669.
3, 223
List the prime factors of 604.
2, 151
List the prime factors of 776.
2, 97
List the prime factors of 38653.
38653
List the prime factors of 49771.
71, 701
List the prime factors of 67178.
2, 33589
List the prime factors of 409.
409
List the prime factors of 56932.
2, 43, 331
What are the prime factors of 2371?
2371
What are the prime factors of 103700?
2, 5, 17, 61
List the prime factors of 4413.
3, 1471
What are the prime factors of 148138?
2, 17, 4357
List the prime factors of 6310.
2, 5, 631
What are the prime factors of 1195?
5, 239
List the prime factors of 637.
7, 13
List the prime factors of 2874.
2, 3, 479
What are the prime factors of 34974?
2, 3, 29, 67
List the prime factors of 3746.
2, 1873
List the prime factors of 88515.
3, 5, 7, 281
What are the prime factors of 1450?
2, 5, 29
List the prime factors of 2157.
3, 719
What are the prime factors of 4211?
4211
What are the prime factors of 47984?
2, 2999
What are the prime factors of 7328?
2, 229
List the prime factors of 892.
2, 223
What are the prime factors of 172391?
31, 67, 83
List the prime factors of 2538.
2, 3, 47
List the prime factors of 7337.
11, 23, 29
What are the prime factors of 11329?
11329
What are the prime factors of 2502?
2, 3, 139
What are the prime factors of 7147?
7, 1021
List the prime factors of 38774.
2, 19387
What are the prime factors of 13668?
2, 3, 17, 67
List the prime factors of 46628.
2, 11657
What are the prime factors of 20654?
2, 23, 449
List the prime factors of 1607.
1607
List the prime factors of 50765.
5, 11, 13, 71
List the prime factors of 607.
607
List the prime factors of 12062.
2, 37, 163
List the prime factors of 3242.
2, 1621
List the prime factors of 1073.
29, 37
List the prime factors of 92442.
2, 3, 7, 31, 71
What are the prime factors of 59254?
2, 13, 43, 53
List the prime factors of 15397.
89, 173
List the prime factors of 10308.
2, 3, 859
What are the prime factors of 61561?
61561
What are the prime factors of 92403?
3, 10267
What are the prime factors of 9720?
2, 3, 5
What are the prime factors of 23525?
5, 941
What are the prime factors of 4381?
13, 337
What are the prime factors of 19949?
19949
List the prime factors of 946.
2, 11, 43
List the prime factors of 29367.
3, 13, 251
List the prime factors of 9825.
3, 5, 131
What are the prime factors of 7886?
2, 3943
List the prime factors of 1030.
2, 5, 103
What are the prime factors of 31640?
2, 5, 7, 113
What are the prime factors of 19001?
19001
What are the prime factors of 1055?
5, 211
List the prime factors of 292.
2, 73
List the prime factors of 1020.
2, 3, 5, 17
List the prime factors of 59492.
2, 107, 139
List the prime factors of 13110.
2, 3, 5, 19, 23
What are the prime fac